0. Let u be o/(2/p*-1). Calculate the greatest common divisor of u and 20.
20
Let w(p) = 9*p**3 - 3*p**2. Let d be w(2). What is the greatest common divisor of 24 and d?
12
Let h(u) = -u**3 + 6*u**2 + 7*u + 4. Let p be h(7). What is the greatest common factor of p and 4?
4
Let i(b) = -b**2 - 8*b - 5. Let f be i(-7). Suppose f*k - g - 148 = -0*k, 3*k - 225 = 3*g. Let y = -51 + k. What is the highest common factor of y and 11?
11
Suppose -4 - 5 = -3*h. Suppose -m - 24 = h*m. Let f be (-2)/(-4) + (-21)/m. Calculate the greatest common divisor of f and 12.
4
Suppose 3*b = -i + 26, 104 = 4*i - 0*i + 5*b. What is the greatest common divisor of i and 39?
13
Let y(x) = x**3 + 8*x**2 + 8*x - 4. Let a be y(-6). Suppose 13*i - 300 = 8*i. Calculate the greatest common factor of i and a.
20
Let m(g) = 4*g + 2. Let t be 17/5 - 4/10. Let u be m(t). Let r be 43 + (2 - (-3)/(-1)). What is the highest common divisor of u and r?
14
Let t(u) = 11*u**2 + u. Suppose -3*j = 5*b - 8, 2*b = j + 1 - 0. Let n be t(j). Calculate the greatest common factor of 8 and n.
4
Let h = 12 + 10. What is the highest common factor of 33 and h?
11
Suppose -y + u = -12, -3*u - 79 = -5*y - 11. Let n(i) = -i**3 + 2*i**2 - 4*i + 7. Let f be n(-3). What is the greatest common factor of y and f?
16
Suppose 6 = -w + 22. Calculate the highest common factor of w and 112.
16
Let j = 9 - 3. Let p(w) be the second derivative of 4*w**3/3 - 4*w**2 - 3*w. Let y be p(j). What is the highest common factor of 8 and y?
8
Let v = 106 - 88. Let c = -49 + 193. Calculate the greatest common factor of v and c.
18
Let y(r) = r**3 - 7*r**2 + 3*r + 10. Let x be y(7). Suppose -3*d = -107 + 14. Calculate the highest common factor of d and x.
31
Let y = 4 - -47. Let x(g) = -2*g**3 - 2*g**2 + 2*g + 4. Let u be x(-3). Calculate the greatest common divisor of u and y.
17
Let s(a) = -2*a**3 + a**2 + 3*a + 3. Let j be s(-4). Suppose -3*n + 25 = 2*n, u - 35 = -4*n. Calculate the greatest common factor of j and u.
15
Let g = 3 - 3. Let x be 105 - g/(2 - 3). Let t be (-2 - -4 - 12)*12/(-8). What is the greatest common divisor of x and t?
15
Let j(o) = 5*o**2 - 4*o + 2. Let b be j(2). Suppose 64 + b = z. Let h = -45 + z. Calculate the greatest common divisor of h and 22.
11
Suppose 4*y - 687 = x, 5*y + x - 3*x - 861 = 0. Calculate the highest common factor of 9 and y.
9
Let r = 256 + -58. Let u = r - 70. Let m be (-65)/(-4) + 12/(-48). Calculate the highest common divisor of u and m.
16
Suppose 5*f = -h - 0*h + 18, -h + 18 = 2*f. What is the greatest common divisor of 18 and h?
18
Let r(l) = 12*l - 2. Let s be r(3). Suppose -2*m - d + 56 = 0, -3*m + 2*m + s = -d. What is the greatest common factor of 330 and m?
30
Let h = -8 - -72. Let z = h - 45. What is the greatest common factor of z and 152?
19
Let h(u) = u**2 - 12*u + 16. Let x be h(12). Calculate the greatest common factor of x and 272.
16
Let s be 4/(-10) - (-54)/10. Let i(u) = -u**2 + 2*u + 5. Let z be i(s). Let o = z - -61. What is the highest common divisor of o and 17?
17
Suppose -2*t + 183 = -w, 0 = -t - 10*w + 5*w + 108. Let c = 233 - t. What is the greatest common factor of 20 and c?
20
Let a = -37 + 38. What is the highest common factor of 5 and a?
1
Let r be (-2)/12*0 + 2*171. Calculate the greatest common divisor of 38 and r.
38
Suppose -4*z - 5*p = 2, p = 4*z - 1 + 15. Let c = z + 7. Suppose 0 = 4*r - 3*r - 4. What is the greatest common divisor of c and r?
4
Suppose 22 - 2 = 5*c. Suppose -c*s = w - 23, -2*s - 17 = w - 2*w. Calculate the greatest common divisor of 76 and w.
19
Let v(b) = b**2 + 2*b + 1. Let x be v(-3). Suppose -5*f + 71 = -l + 23, x*f - 51 = 5*l. What is the greatest common factor of 81 and f?
9
Let h = 31 - 18. Let y = 95 + 22. What is the greatest common factor of h and y?
13
Let z be (1 + -6)*(6 - 7). Let a be 1*-2*2/(-4). What is the highest common divisor of a and z?
1
Let g be (-1 + 0)/(1/(-2)). Let u(f) = -f - 2. Let l(b) = -b - 1. Let n(m) = -2*l(m) + u(m). Let s be n(6). Calculate the greatest common divisor of g and s.
2
Let z = 41 + -38. Let o = -67 + 110. Suppose 2*y - 9 = -3*s - 0, -4*y = s - o. What is the greatest common factor of z and y?
3
Suppose 0 = 10*r - 14 - 66. Calculate the greatest common factor of r and 1.
1
Let a be 6*(3 - (-17 - 2)). Calculate the highest common factor of a and 33.
33
Let n be (-18)/4 + (-1)/(-2). Let z = n - -10. Let x(c) = c**3 + 6*c**2 - c - 3. Let h be x(-6). Calculate the highest common factor of z and h.
3
Let d be ((-10)/(-6))/((-1)/(-3)). Let m = d + -2. Let i = -4 - -6. Calculate the highest common divisor of i and m.
1
Let b(y) = -4*y + 1. Let x be b(-2). Suppose -3*v + 144 = v. What is the greatest common factor of x and v?
9
Suppose 5*w = -5*m + 105, 4*w + 59 = 3*m + 3*w. Let g be (24/m)/((-8)/(-300)). What is the highest common factor of g and 15?
15
Let u be 2*(2 + (-50)/(-4)). Let d = 43 - u. What is the greatest common factor of d and 14?
14
Let q be (-27)/(-18)*(-7 - -1). Let s be 6/q - 21/9. Let c(u) = -16*u - 4. Let h be c(s). Calculate the greatest common divisor of h and 4.
4
Suppose 4*b - 44 + 8 = 3*i, -3*i + 27 = 3*b. Suppose -2 = -t - 0. Let c be ((-3)/t)/(4/(-120)). Calculate the greatest common factor of b and c.
9
Suppose 5*q = 19 + 31. Suppose -12 = -5*c + 8. Suppose x + w = 5*x - 276, 0 = -c*x - 5*w + 300. What is the highest common divisor of q and x?
10
Let z = -67 + 115. Suppose 2 = 3*c - 31. Suppose -3*k - v + 2 = -c, -4*k + 3*v + 39 = 0. What is the greatest common factor of z and k?
6
Let f = 49 - -4. Suppose 2*s - f = -5. What is the highest common divisor of 168 and s?
24
Suppose -11*z = -15*z + 320. Calculate the highest common factor of 5 and z.
5
Let t = 31 + -25. Calculate the greatest common divisor of t and 42.
6
Let w be (-1)/(2/8)*(-130)/20. What is the highest common divisor of w and 2?
2
Let u = 1 - 0. Calculate the greatest common divisor of u and 9.
1
Let r be (-3)/((-6)/7)*4. Let p(i) = 10*i + 6. Let n be p(6). Suppose 74 = 5*g - n. Calculate the greatest common factor of g and r.
14
Let i(a) be the second derivative of -3*a**5/20 - a**4/3 + 4*a**3/3 + 7*a**2/2 + 3*a. Let k be i(-5). Calculate the highest common divisor of k and 22.
22
Let w(g) = g**3 + 9*g**2 + g - 1. Let v be w(-5). Suppose 5*l + 34 = v. Let c = 182 - 178. Calculate the greatest common factor of l and c.
4
Suppose -x = -3*x + 112. What is the highest common divisor of 8 and x?
8
Suppose -4*q + 2 = -3*c - 21, -3*c = 15. Suppose 4*f + 5*v = 630, -v = -5*f - q*v + 798. Calculate the highest common factor of 16 and f.
16
Let m(t) = 2 + 0 + 5*t**2 - 4*t - 4*t**2 - 7*t. Let g be m(11). Let l be 2/(-3) + (-28)/(-6). Calculate the greatest common factor of l and g.
2
Suppose 8*q - 3*q + 15 = -n, -3*q - 27 = -3*n. Suppose n*x - 37 = 3. Let z be (4 + -2)*20/x. Calculate the greatest common factor of 35 and z.
5
Let g(w) be the first derivative of w**2/2 + 9*w + 3. Let q be g(-5). Calculate the greatest common factor of 4 and q.
4
Let v be ((-2)/(-6))/((-1)/(-3)). Let s be -5*-2*(-3)/(-6). Suppose 4*r = y - 6*y + 67, 4*y + s*r - 59 = 0. What is the greatest common factor of v and y?
1
Let i(a) = 11*a**3 + 2*a**2 + 2*a - 2. Let h be i(1). Suppose j + j = 234. What is the highest common factor of h and j?
13
Let a = 84 - 75. What is the highest common factor of a and 99?
9
Suppose -y = -4*y + 12. Calculate the greatest common factor of 6 and y.
2
Let i = 32 - 21. Calculate the greatest common divisor of i and 77.
11
Let f = 9 - 7. Suppose 49 = -3*b + 2*z + 154, -5*b + f*z = -171. What is the highest common factor of 11 and b?
11
Let y(k) = 23*k - 4. Let b be y(5). Suppose -3*c + 5*o = -b, -9 = 3*o - 0*o. Suppose 0 = -4*v + 2*v + c. What is the highest common factor of v and 8?
8
Let c = -1 - -4. Suppose 0*r + 3*r - v - 631 = 0, -409 = -2*r + c*v. Suppose 5*p = r + 173. What is the highest common factor of p and 11?
11
Let q(c) = 2*c**2 + 2. Let p be q(-3). Suppose 4*i - 59 - 133 = 0. Let w = i - 18. What is the greatest common divisor of w and p?
10
Let c(p) = p**2 - 4*p - 7. Let t be c(11). Calculate the highest common divisor of 10 and t.
10
Let l(d) be the first derivative of -d**4/4 + 3*d**3 - d**2/2 + d + 1. Let w be l(4). Suppose -57 = -5*v - 2. Calculate the highest common fac